 base 5?
4423232
What is -5427a0 (base 16) in base 5?
-2402441133
What is -3a302 (base 16) in base 14?
-62c02
Convert -138989 (base 10) to base 13.
-4b356
-26c00 (base 13) to base 6
-1314512
1068066 (base 10) to base 9
2007100
What is 2b66c8 (base 14) in base 8?
5621010
What is -20144330 (base 7) in base 14?
-318617
Convert -366979 (base 11) to base 8.
-2155100
Convert -35bc66 (base 15) to base 5.
-1124234141
What is 1202000101 (base 3) in base 2?
1000010111100001
What is 13101103 (base 7) in base 2?
100100011011011011100
-922b (base 15) to base 3
-1120100012
What is 132287 (base 9) in base 12?
3a667
40b20 (base 12) to base 4
110221020
Convert -10210120120112 (base 3) to base 5.
-1004102040
5544c (base 14) to base 9
344423
Convert -10432335 (base 6) to base 9.
-530685
Convert 566609 (base 12) to base 9.
2532670
-35537735 (base 8) to base 2
-11101101011111111011101
What is 1110000000111100111 (base 2) in base 11?
294040
-21e5a (base 15) to base 8
-322524
Convert -15457631 (base 8) to base 11.
-2014280
10021221212 (base 3) to base 5
4033400
Convert -54521 (base 15) to base 11.
-173208
What is -206088 (base 12) in base 7?
-4214306
Convert -137342 (base 10) to base 11.
-94207
11002000100120 (base 3) to base 12
885150
3101432 (base 5) to base 16
c442
Convert -101000110001010 (base 2) to base 7.
-114600
-15cab (base 16) to base 11
-61075
Convert 1204040424 (base 5) to base 11.
1642330
323030030 (base 4) to base 7
2026556
Convert 1df73e (base 16) to base 12.
7a8592
Convert -2c4275 (base 13) to base 11.
-688387
What is 423629 (base 12) in base 14?
1d20b7
Convert 8706011 (base 9) to base 16.
473f47
213043440 (base 5) to base 3
1201012020202
Convert -2133330 (base 4) to base 10.
-10236
2122040 (base 5) to base 12
18933
-6701673 (base 10) to base 5
-3203423143
6270a (base 12) to base 10
128890
3625163 (base 7) to base 16
70670
What is -1145e98 (base 15) in base 14?
-1900dc0
What is 116665623 (base 7) in base 16?
711738
Convert 5772014 (base 11) to base 16.
99f756
-2110001002121 (base 3) to base 4
-10331112211
What is 112627 (base 8) in base 13?
1457a
-22631703 (base 8) to base 9
-10241506
What is -1021c (base 14) in base 3?
-1222021022
Convert 323124 (base 5) to base 7.
44120
-10110221010211 (base 3) to base 14
-361ac7
577325 (base 8) to base 5
22240214
-15512544 (base 6) to base 7
-4465153
149b (base 12) to base 15
ab8
-4396c6 (base 14) to base 3
-11022110211202
Convert 213340 (base 5) to base 10.
7345
738aa5 (base 13) to base 8
12241407
-3aa263 (base 16) to base 2
-1110101010001001100011
402d4 (base 14) to base 12
75316
Convert -2e8f13 (base 16) to base 9.
-5660514
What is -103232210302 (base 4) in base 10?
-5171506
Convert -8a6993 (base 14) to base 5.
-2201030414
3131206 (base 7) to base 6
12031124
-53472 (base 11) to base 2
-10010111111000001
What is 50f6ff (base 16) in base 8?
24173377
113323 (base 10) to base 7
651250
-21213641 (base 7) to base 4
-12313331312
Convert -497ba3 (base 13) to base 16.
-1ad968
7a6a25 (base 13) to base 5
1220241224
Convert -44a367 (base 13) to base 5.
-403400403
Convert 31434332 (base 5) to base 8.
1005407
Convert 4c013 (base 13) to base 4.
202111100
Convert 80d11 (base 16) to base 13.
156212
What is 141561 (base 8) in base 5?
3100113
What is -414002433 (base 5) in base 12?
-6a1999
Convert 20020232302 (base 4) to base 6.
113414334
What is -1328210 (base 9) in base 5?
-141241323
Convert -793513 (base 11) to base 6.
-43030350
What is 1000000100101010000 (base 2) in base 10?
264528
What is -bb000 (base 13) in base 6?
-11130214
Convert -251074 (base 9) to base 11.
-a3a79
-2b290 (base 16) to base 9
-288446
What is -23455155 (base 6) in base 14?
-153235
Convert b7939 (base 14) to base 2.
1101100010011001111
What is -57607 (base 9) in base 4?
-21120001
Convert 91430 (base 11) to base 5.
13233432
What is 2a780 (base 15) in base 12?
67133
What is 179ca (base 15) in base 3?
10212220001
Convert 5048397 (base 10) to base 4.
103100201031
12332020 (base 5) to base 15
25c40
-63041d (base 15) to base 14
-8a81ad
Convert -14584379 (base 10) to base 9.
-30388005
-20211330 (base 4) to base 13
-13035
What is -333dd (base 14) in base 13?
-44739
Convert 636065 (base 7) to base 9.
177078
-232314301 (base 6) to base 13
-b824cc
What is -30c45 (base 16) in base 15?
-3e2b9
What is -413444243 (base 5) in base 12?
-6a16a9
Convert 352 (base 10) to base 5.
2402
23074c (base 13) to base 16
ca84c
What is 42ab1 (base 15) in base 12?
a25aa
313410 (base 7) to base 15
11039
-2032314 (base 6) to base 3
-11222002101
Convert 12301144 (base 5) to base 12.
589a4
What is -820bb9 (base 14) in base 10?
-4381743
What is -524514 (base 7) in base 9?
-147076
What is 2627536 (base 9) in base 13?
3b3712
562245 (base 7) to base 11
68635
What is 12114311 (base 5) in base 8?
336052
Convert -101001101100011111 (base 2) to base 9.
-280238
Convert 1010111001110010000011 (base 2) to base 13.
790bc0
Convert 541203 (base 7) to base 5.
11002313
2633817 (base 9) to base 12
5951ba
What is -82933 (base 13) in base 16?
-393cd
1000123331103 (base 4) to base 5
13311013411
-866504 (base 10) to base 2
-11010011100011001000
1745a57 (base 13) to base 9
15181506
What is -487f (base 16) in base 14?
-6a99
What is -11b37f (base 16) in base 5?
-244110223
What is 173631a (base 12) in base 8?
22240506
What is -2164204 (base 8) in base 3?
-1002122211200
-375411 (base 8) to base 9
-217043
33111122 (base 5) to base 8
1054752
Convert 65630552 (base 7) to base 16.
5606c6
What is 1c7d4 (base 14) in base 6?
1321302
-188d6a (base 15) to base 12
-497254
Convert 140100002 (base 5) to base 13.
1b9601
What is -131241110 (base 5) in base 2?
-10011110100100111010
28e294 (base 15) to base 10
1971589
What is -2200021011101 (base 3) in base 10?
-1422397
Convert dca1 (base 15) to base 13.
18364
What is 1780008 (base 11) in base 6?
144351114
What is -14314111 (base 6) in base 12?
-1b8937
Convert 1120123000 (base 4) to base 6.
11432424
40355401 (base 6) to base 13
313a44
What is -123026564 (base 7) in base 10?
-7771985
-4267975 (base 10) to base 7
-51164035
What is 141337 (base 9) in base 14?
23643
Convert 5132830 (base 9) to base 2.
1010011100011110010110
Convert 70600 (base 8) to base 15.
8921
What is 1001110100111110100100 (base 2) in base 4?
21310332210
Convert 103011203222 (base 4) to base 6.
255124202
-100141410 (base 5) to base 6
-12255320
-10331411102 (base 5) to base 11
-6360345
Convert 4451188 (base 9) to base 4.
21020320013
1252406 (base 7) to base 3
22100011212
Convert 214342400 (base 6) to base 16.
3ad220
899b98 (base 15) to base 8
31023442
100100010001011010110 (base 2) to base 16
1222d6
-111022212002122 (base 3) to base 2
-11011000001010000011011
What is 115235 (base 6) in base 13?
4883
Convert -1010011010000111 (base 2) to base 16.
-a687
Convert 10110001011101000010101 (base 2) to base 10.
5814805
Convert 7979ce (base 16) to base 4.
132113213032
Convert 2be9a4 (base 15) to base 8.
10066376
What is 16e1f1 (base 16) in base 13?
406775
11303033200 (base 4) to base 10
1520608
Convert 2600251 (base 7) to base 11.
20a714
-121041 (base 7) to base 14
-8021
2012 (base 16) to base 8
20022
Convert -69bb98 (base 12) to base 13.
-476c12
What is -735446 (base 14) in base 5?
-1444111312
-51776b (base 13) to base 11
-1089838
-120102 (base 8) to base 7
-230416
What is 345c32 (base 14) in base 5?
424031002
Convert 11011111100001100011101 (base 2) to base 4.
123330030131
What is -20a58b (base 14) in base 2?
-100001101100100111111
Convert 1001101000110100011 (base 2) to base 7.
2453506
What is -29c918c (base 13) in base 10?
-13358045
Convert 10001110001000001 (base 2) to base 11.
4a744
What is 14321040 (base 5) in base 12?
73743
15324005 (base 7) to base 6
51250032
What is -4a349e (base 16) in base 3?
-100011001222002
-10111110111100100 (base 2) to base 11
-674a7
Convert -12654511 (base 7) to base 14.
-227841
-21652065 (base 7) to base 12
-766ba3
1102222012 (base 3) to base 10
28409
What is 2583884 (base 9) in base 5?
330213101
43bb2 (base 16) to base 14
73162
What is -1001000110111000111 (base 2) in base 12?
-12485b
4313327 (base 8) to base 13
3148b4
7815a8 (base 12) to base 11
1095256
Convert -54162 (base 11) to base 8.
-231576
-22213312231 (base 4) to base 16
-2a7dad
What is 2de59 (base 16) in base 14?
4c721
-11124